{"id":11,"date":"2024-05-30T15:31:48","date_gmt":"2024-05-30T15:31:48","guid":{"rendered":"https:\/\/www.zubergebrag.ch\/wordpress\/?page_id=11"},"modified":"2025-03-26T07:24:33","modified_gmt":"2025-03-26T07:24:33","slug":"uber-uns","status":"publish","type":"page","link":"https:\/\/www.zubergebrag.ch\/index.php\/uber-uns\/","title":{"rendered":"\u00dcber uns"},"content":{"rendered":"<header class=\"entry-header\">\n<header class=\"entry-header\"><\/header>\n<div class=\"entry-content\">\n<p style=\"text-align: center;\">\n<p style=\"text-align: center;\"><img loading=\"lazy\" decoding=\"async\" class=\"alignnone wp-image-208\" src=\"..\/..\/wp-content\/uploads\/2017\/11\/Schnydrig_Thomas-300x289.jpg\" sizes=\"auto, (max-width: 400px) 100vw, 400px\" srcset=\"https:\/\/www.zubergebrag.ch\/wp-content\/uploads\/2017\/11\/Schnydrig_Thomas-300x289.jpg 300w, https:\/\/www.zubergebrag.ch\/wp-content\/uploads\/2017\/11\/Schnydrig_Thomas-768x740.jpg 768w, https:\/\/www.zubergebrag.ch\/wp-content\/uploads\/2017\/11\/Schnydrig_Thomas-1024x987.jpg 1024w\" alt=\"\" width=\"400\" height=\"386\" \/><\/p>\n<p style=\"text-align: center;\"><strong>Schnidrig Thomas<\/strong><\/p>\n<p style=\"text-align: center;\">Gesch\u00e4ftsleitung<\/p>\n<p style=\"text-align: center;\">Projektleiter PV<\/p>\n<p style=\"text-align: center;\">Eidg. dipl. Spenglerpolier<\/p>\n<p style=\"text-align: center;\"><img loading=\"lazy\" decoding=\"async\" class=\"alignnone wp-image-207\" src=\"..\/..\/wp-content\/uploads\/2017\/11\/Schmid_Pascal-300x255.jpg\" sizes=\"auto, (max-width: 400px) 100vw, 400px\" srcset=\"https:\/\/www.zubergebrag.ch\/wp-content\/uploads\/2017\/11\/Schmid_Pascal-300x255.jpg 300w, https:\/\/www.zubergebrag.ch\/wp-content\/uploads\/2017\/11\/Schmid_Pascal-768x652.jpg 768w, https:\/\/www.zubergebrag.ch\/wp-content\/uploads\/2017\/11\/Schmid_Pascal-1024x870.jpg 1024w\" alt=\"\" width=\"400\" height=\"340\" \/><\/p>\n<p style=\"text-align: center;\"><strong>Schmid Pascal<\/strong><\/p>\n<p style=\"text-align: center;\">Gesch\u00e4ftsleitung<\/p>\n<p style=\"text-align: center;\">FA Buchhalter<\/p>\n<div class=\"entry-content\">\n<p><img loading=\"lazy\" decoding=\"async\" class=\"wp-image-209 aligncenter\" src=\"..\/..\/wp-content\/uploads\/2017\/11\/Zuber_Stefan-300x260.jpg\" sizes=\"auto, (max-width: 400px) 100vw, 400px\" srcset=\"https:\/\/www.zubergebrag.ch\/wp-content\/uploads\/2017\/11\/Zuber_Stefan-300x260.jpg 300w, https:\/\/www.zubergebrag.ch\/wp-content\/uploads\/2017\/11\/Zuber_Stefan-768x666.jpg 768w, https:\/\/www.zubergebrag.ch\/wp-content\/uploads\/2017\/11\/Zuber_Stefan-1024x888.jpg 1024w\" alt=\"\" width=\"400\" height=\"347\" \/><\/p>\n<p style=\"text-align: center;\"><strong>Zuber Stefan<\/strong><\/p>\n<p style=\"text-align: center;\"><strong><br \/>\n<\/strong>Gesch\u00e4ftsleitung<\/p>\n<\/div>\n<\/div>\n<header class=\"entry-header\">\n<h1 class=\"entry-title\" style=\"text-align: center;\">Geschichte<\/h1>\n<\/header>\n<div class=\"entry-content\">\n<p style=\"text-align: center;\">Die Firma Gebr. Zuber AG wurde 1983 in Brig-Glis gegr\u00fcndet. Die Umwandlung in eine AG fand 1995 statt.<\/p>\n<p style=\"text-align: center;\">Die Firma Gebr. Zuber AG ist heute ein leistungsorientiertes Unternehmen in der Baunebenbranche Sanit\u00e4r, Spenglerei, Flach- und Steildach. Mit seinen Mitarbeitern ist die Firma die kompetente Ansprechpartnerin f\u00fcr Neubauten, Renovationen, Badezimmerumbauten und Rohrsanierungen.<\/p>\n<p style=\"text-align: center;\">Service ist bei uns sehr wichtig!<\/p>\n<p style=\"text-align: center;\">Wir w\u00fcrden uns freuen, wenn wir unsere Leistungsf\u00e4higkeit auch Ihnen beweisen k\u00f6nnen.<\/p>\n<\/div>\n<\/header>\n","protected":false},"excerpt":{"rendered":"<p>Schnidrig Thomas Gesch\u00e4ftsleitung Projektleiter PV Eidg. dipl. Spenglerpolier Schmid Pascal Gesch\u00e4ftsleitung FA Buchhalter Zuber Stefan Gesch\u00e4ftsleitung Geschichte Die Firma Gebr. Zuber AG [&hellip;]<\/p>\n","protected":false},"author":1,"featured_media":0,"parent":0,"menu_order":2,"comment_status":"closed","ping_status":"closed","template":"","meta":{"footnotes":""},"class_list":["post-11","page","type-page","status-publish","hentry"],"_links":{"self":[{"href":"https:\/\/www.zubergebrag.ch\/index.php\/wp-json\/wp\/v2\/pages\/11","targetHints":{"allow":["GET"]}}],"collection":[{"href":"https:\/\/www.zubergebrag.ch\/index.php\/wp-json\/wp\/v2\/pages"}],"about":[{"href":"https:\/\/www.zubergebrag.ch\/index.php\/wp-json\/wp\/v2\/types\/page"}],"author":[{"embeddable":true,"href":"https:\/\/www.zubergebrag.ch\/index.php\/wp-json\/wp\/v2\/users\/1"}],"replies":[{"embeddable":true,"href":"https:\/\/www.zubergebrag.ch\/index.php\/wp-json\/wp\/v2\/comments?post=11"}],"version-history":[{"count":6,"href":"https:\/\/www.zubergebrag.ch\/index.php\/wp-json\/wp\/v2\/pages\/11\/revisions"}],"predecessor-version":[{"id":106,"href":"https:\/\/www.zubergebrag.ch\/index.php\/wp-json\/wp\/v2\/pages\/11\/revisions\/106"}],"wp:attachment":[{"href":"https:\/\/www.zubergebrag.ch\/index.php\/wp-json\/wp\/v2\/media?parent=11"}],"curies":[{"name":"wp","href":"https:\/\/api.w.org\/{rel}","templated":true}]}}